{"id":841,"date":"2019-12-18T12:27:16","date_gmt":"2019-12-18T12:27:16","guid":{"rendered":"http:\/\/duzaybir.com\/dzb\/?page_id=841"},"modified":"2019-12-18T12:32:40","modified_gmt":"2019-12-18T12:32:40","slug":"hesap-numaramiz","status":"publish","type":"page","link":"http:\/\/duzaybir.com\/dzb\/hesap-numaramiz\/","title":{"rendered":"Hesap Numaram\u0131z"},"content":{"rendered":"\n<p><strong>Banka :<\/strong> Ziraat Bankas\u0131 A.\u015e.<\/p>\n\n\n\n<p><strong>Iban :<\/strong> TR710001001676863552545001<\/p>\n\n\n\n<p><strong>Hesap ad\u0131 : <\/strong>D\u00fczce \u0130li Ar\u0131 Yeti\u015ftiricileri Birli\u011fi \u0130ktisadi \u0130\u015fletmesi<\/p>\n","protected":false},"excerpt":{"rendered":"<p>Banka : Ziraat Bankas\u0131 A.\u015e. Iban : TR710001001676863552545001 Hesap ad\u0131 : D\u00fczce \u0130li Ar\u0131 Yeti\u015ftiricileri Birli\u011fi \u0130ktisadi \u0130\u015fletmesi<\/p>\n","protected":false},"author":1,"featured_media":0,"parent":0,"menu_order":0,"comment_status":"closed","ping_status":"closed","template":"","meta":{"footnotes":""},"class_list":["post-841","page","type-page","status-publish","hentry"],"_links":{"self":[{"href":"http:\/\/duzaybir.com\/dzb\/wp-json\/wp\/v2\/pages\/841","targetHints":{"allow":["GET"]}}],"collection":[{"href":"http:\/\/duzaybir.com\/dzb\/wp-json\/wp\/v2\/pages"}],"about":[{"href":"http:\/\/duzaybir.com\/dzb\/wp-json\/wp\/v2\/types\/page"}],"author":[{"embeddable":true,"href":"http:\/\/duzaybir.com\/dzb\/wp-json\/wp\/v2\/users\/1"}],"replies":[{"embeddable":true,"href":"http:\/\/duzaybir.com\/dzb\/wp-json\/wp\/v2\/comments?post=841"}],"version-history":[{"count":3,"href":"http:\/\/duzaybir.com\/dzb\/wp-json\/wp\/v2\/pages\/841\/revisions"}],"predecessor-version":[{"id":845,"href":"http:\/\/duzaybir.com\/dzb\/wp-json\/wp\/v2\/pages\/841\/revisions\/845"}],"wp:attachment":[{"href":"http:\/\/duzaybir.com\/dzb\/wp-json\/wp\/v2\/media?parent=841"}],"curies":[{"name":"wp","href":"https:\/\/api.w.org\/{rel}","templated":true}]}}