{"id":154,"date":"2014-06-29T13:07:45","date_gmt":"2014-06-29T13:07:45","guid":{"rendered":"http:\/\/demo.themegrill.com\/accelerate\/?page_id=154"},"modified":"2019-12-18T12:25:22","modified_gmt":"2019-12-18T12:25:22","slug":"contact","status":"publish","type":"page","link":"http:\/\/duzaybir.com\/dzb\/contact\/","title":{"rendered":"\u0130leti\u015fim"},"content":{"rendered":"\n<div class=\"wp-block-columns is-layout-flex wp-container-core-columns-is-layout-9d6595d7 wp-block-columns-is-layout-flex\">\n<div class=\"wp-block-column is-layout-flow wp-block-column-is-layout-flow\">\n<p><strong>D\u00dcZCE \u0130L\u0130 ARI YET\u0130\u015eT\u0130R\u0130C\u0130LER\u0130 B\u0130RL\u0130\u011e\u0130<\/strong><br> Burhaniye Mahallesi Bakla Sk. No : 3<br> 81010 Merkez \/ D\u00dcZCE  <\/p>\n\n\n\n<p>E-mail : karduzbal@hotmail.com<br> Tel &amp; Fax : 0 380 512 25 15 <\/p>\n\n\n<style>.wp-block-kadence-spacer.kt-block-spacer-_a61f09-eb .kt-block-spacer{height:60px;}.wp-block-kadence-spacer.kt-block-spacer-_a61f09-eb .kt-divider{border-top-width:1px;height:1px;border-top-color:#eee;width:80%;border-top-style:solid;}<\/style>\n<div class=\"wp-block-kadence-spacer aligncenter kt-block-spacer-_a61f09-eb\"><div class=\"kt-block-spacer kt-block-spacer-halign-center\" style=\"height:60px\"><hr class=\"kt-divider\" style=\"border-top-color:rgba(238, 238, 238, 1);border-top-width:1px;width:80%;border-top-style:solid\"\/><\/div><\/div>\n\n\n\n<p><strong>\u0130leti\u015fim Formu<\/strong><\/p>\n\n\n\n<div class=\"everest-forms\"><div class=\"evf-container default\" id=\"evf-260\"><form id=\"evf-form-260\" class=\"everest-form\" data-formid=\"260\" data-ajax_submission=\"0\" data-keyboard_friendly_form=\"0\" data-form_state_type=\"\" method=\"post\" enctype=\"multipart\/form-data\" action=\"\/dzb\/wp-json\/wp\/v2\/pages\/154\"><div class=\"evf-field-container\"><input type=\"hidden\" id=\"_wpnonce260\" name=\"_wpnonce260\" value=\"7b2163070a\" \/><input type=\"hidden\" name=\"_wp_http_referer\" value=\"\/dzb\/wp-json\/wp\/v2\/pages\/154\" \/><div class=\"evf-frontend-row\" data-row=\"row_1\" conditional_rules=\"[]\"><div class=\"evf-frontend-grid evf-grid-1\" data-grid=\"grid_1\"><div id=\"evf-260-field_name-container\" class=\"evf-field evf-field-text form-row validate-required\" data-required-field-message=\"Bu alan gerekli\" data-field-id=\"name\"><label class=\"evf-field-label\" for=\"evf-260-field_name\"><span class=\"evf-label\">\u0130sim<\/span> <abbr class=\"required\" title=\"Required\">*<\/abbr><\/label><input type=\"text\" id=\"evf-260-field_name\" class=\"input-text\" name=\"everest_forms[form_fields][name]\" required><\/div><div id=\"evf-260-field_T7FGXbCao3-1-container\" class=\"evf-field evf-field-text form-row validate-required\" data-required-field-message=\"Bu alan gerekli\" data-field-id=\"T7FGXbCao3-1\"><label class=\"evf-field-label\" for=\"evf-260-field_T7FGXbCao3-1\"><span class=\"evf-label\">Telefon<\/span> <abbr class=\"required\" title=\"Required\">*<\/abbr><\/label><input type=\"text\" id=\"evf-260-field_T7FGXbCao3-1\" class=\"input-text\" name=\"everest_forms[form_fields][T7FGXbCao3-1]\" required><\/div><div id=\"evf-260-field_email-container\" class=\"evf-field evf-field-email form-row validate-required validate-email\" data-required-field-message=\"L\u00fctfen ge\u00e7erli bir eposta adresi giriniz\" data-field-id=\"email\"><label class=\"evf-field-label\" for=\"evf-260-field_email\"><span class=\"evf-label\">Email<\/span> <abbr class=\"required\" title=\"Required\">*<\/abbr><\/label><input type=\"email\" id=\"evf-260-field_email\" class=\"input-text\" name=\"everest_forms[form_fields][email]\" required ><\/div><div id=\"evf-260-field_subject-container\" class=\"evf-field evf-field-text form-row validate-required\" data-required-field-message=\"Bu alan gerekli\" data-field-id=\"subject\"><label class=\"evf-field-label\" for=\"evf-260-field_subject\"><span class=\"evf-label\">Konu<\/span> <abbr class=\"required\" title=\"Required\">*<\/abbr><\/label><input type=\"text\" id=\"evf-260-field_subject\" class=\"input-text\" name=\"everest_forms[form_fields][subject]\" required><\/div><div id=\"evf-260-field_message-container\" class=\"evf-field evf-field-textarea form-row\" data-field-id=\"message\"><label class=\"evf-field-label\" for=\"evf-260-field_message\"><span class=\"evf-label\">Mesaj:<\/span> <\/label><textarea id=\"evf-260-field_message\" class=\"input-text\" name=\"everest_forms[form_fields][message]\"  ><\/textarea><\/div><\/div><\/div><\/div><div class=\"evf-honeypot-container evf-field-hp\"><label for=\"evf-260-field-hp\" class=\"evf-field-label\">Phone<\/label><input type=\"text\" name=\"everest_forms[hp]\" id=\"evf-260-field-hp\" class=\"input-text\"><\/div><div class=\"evf-submit-container \" ><input type=\"hidden\" name=\"everest_forms[id]\" value=\"260\"><input type=\"hidden\" name=\"everest_forms[author]\" value=\"1\"><button type='submit' name='everest_forms[submit]' class='everest-forms-submit-button button evf-submit ' id='evf-submit-260' value='evf-submit' data-process-text=\"G\u00f6nderiliyor\u2026\" conditional_rules='&quot;&quot;' conditional_id='evf-submit-260'  id=\"evf-submit-260\" aria-live=\"assertive\">G\u00f6nder<\/button><\/div><\/form><\/div><!-- .evf-container --><\/div>\n<\/div>\n\n\n\n<div class=\"wp-block-column is-layout-flow wp-block-column-is-layout-flow\">\n<p><iframe loading=\"lazy\" src=\"https:\/\/www.google.com\/maps\/embed?pb=!1m14!1m12!1m3!1d380.9470595084356!2d31.16387468442366!3d40.841630441678475!2m3!1f0!2f0!3f0!3m2!1i1024!2i768!4f13.1!5e0!3m2!1str!2str!4v1576417271919!5m2!1str!2str\" width=\"600\" height=\"450\" frameborder=\"0\" style=\"border:0;\" allowfullscreen=\"\"><\/iframe><\/p>\n<\/div>\n<\/div>\n\n\n\n<p> <\/p>\n","protected":false},"excerpt":{"rendered":"<p>D\u00dcZCE \u0130L\u0130 ARI YET\u0130\u015eT\u0130R\u0130C\u0130LER\u0130 B\u0130RL\u0130\u011e\u0130 Burhaniye Mahallesi Bakla Sk. No : 3 81010 Merkez \/ D\u00dcZCE E-mail : karduzbal@hotmail.com Tel &amp; Fax : 0 380 512 25 15 \u0130leti\u015fim Formu<\/p>\n","protected":false},"author":1,"featured_media":0,"parent":0,"menu_order":0,"comment_status":"closed","ping_status":"closed","template":"page-templates\/contact.php","meta":{"footnotes":""},"class_list":["post-154","page","type-page","status-publish","hentry"],"_links":{"self":[{"href":"http:\/\/duzaybir.com\/dzb\/wp-json\/wp\/v2\/pages\/154","targetHints":{"allow":["GET"]}}],"collection":[{"href":"http:\/\/duzaybir.com\/dzb\/wp-json\/wp\/v2\/pages"}],"about":[{"href":"http:\/\/duzaybir.com\/dzb\/wp-json\/wp\/v2\/types\/page"}],"author":[{"embeddable":true,"href":"http:\/\/duzaybir.com\/dzb\/wp-json\/wp\/v2\/users\/1"}],"replies":[{"embeddable":true,"href":"http:\/\/duzaybir.com\/dzb\/wp-json\/wp\/v2\/comments?post=154"}],"version-history":[{"count":11,"href":"http:\/\/duzaybir.com\/dzb\/wp-json\/wp\/v2\/pages\/154\/revisions"}],"predecessor-version":[{"id":839,"href":"http:\/\/duzaybir.com\/dzb\/wp-json\/wp\/v2\/pages\/154\/revisions\/839"}],"wp:attachment":[{"href":"http:\/\/duzaybir.com\/dzb\/wp-json\/wp\/v2\/media?parent=154"}],"curies":[{"name":"wp","href":"https:\/\/api.w.org\/{rel}","templated":true}]}}